be g(11). What is the highest common divisor of d and h?
4
Let v = 81 + -39. Calculate the greatest common factor of 14 and v.
14
Let s = 145 + -262. Let j = -41 - s. Let a be (-14)/63 - j/(-18). Calculate the greatest common divisor of 12 and a.
4
Let m = -3 + 3. Suppose m*o - 12 = -4*o, o = -2*x + 133. Suppose -4*n + 26 = -26. Calculate the highest common factor of x and n.
13
Let z = 11 - 6. Suppose 0 = -5*f - 3*i + 32, 0 = 4*f - z*i - 3 + 7. What is the greatest common factor of 36 and f?
4
Suppose 2*m = -l + 17, 7 = m - 2*l + 4*l. Let a be 113 - 1/(2/(-4)). Let y be a/13 + 2/13. What is the highest common divisor of m and y?
9
Suppose y + 0*y + 10 = 0. Let p be (-1324)/y + (-4)/10. Let g(r) = -r**3 + 5*r**2 - 3*r + 3. Let s be g(3). What is the highest common factor of p and s?
12
Let w = -3 - -3. Suppose 3*i - 50 = 2*i - 2*g, -4*g + 12 = w. Suppose 3*d = o + 38, -4*d + 70 = d - 3*o. Calculate the greatest common divisor of i and d.
11
Suppose 6*d - d - 10 = 0. Suppose 20 = d*s - 46. What is the greatest common factor of s and 22?
11
Let m(b) = -2*b**3 - b**2. Let c be m(-4). Let d(i) = i**2 - 7*i - 11. Let s be d(9). Let f = 21 - s. Calculate the greatest common factor of c and f.
14
Let a(p) = -p**2 + 4*p + 18. Let d be a(6). Suppose 68 + 100 = 4*o. What is the greatest common factor of o and d?
6
Suppose 0 = -2*w + 5*a + 5, -3*w - 5*a - 1 = 29. Let d be (-1 - 0) + (-8 - -1). Let b = w - d. What is the highest common divisor of 21 and b?
3
Suppose 5*s = -2*l - 15, -4*l - 1 - 2 = s. Suppose 5*b - 560 = -l*b. What is the greatest common divisor of 14 and b?
14
Let k be 44/14 + 3/(-21). Calculate the greatest common factor of 1 and k.
1
Suppose 2*j = -0*j + 6. Suppose j*m - 83 = 1. What is the highest common factor of 14 and m?
14
Suppose 79 = -c + 6*c + z, 3*c = z + 49. Suppose -49 = -5*f + c. Suppose 0 = 4*i - 45 + f. Calculate the greatest common factor of 24 and i.
8
Let g = 2 + 0. Suppose f = 2*u + 9, f - u = 2*f + 3. Calculate the greatest common divisor of g and f.
1
Let j(i) = 37*i**2 - 4*i - 1. Let p be j(-2). What is the greatest common factor of p and 31?
31
Let i(f) = -23*f + 3. Suppose 3*u - 15 = 8*u. Let z be i(u). Let k = 16 - 7. Calculate the highest common divisor of k and z.
9
Let l = -94 + 104. Calculate the highest common divisor of 20 and l.
10
Suppose -46 - 80 = -42*i. Suppose -49 = 3*p - 5*p + f, -2*p + 45 = 3*f. What is the greatest common factor of p and i?
3
Let g = 49 - -31. Suppose -5*i + i = -g. Suppose 34 = 4*t + r - 85, -89 = -3*t - r. What is the highest common factor of i and t?
10
Suppose -d + 2*d = 0. Suppose 4*p - 27 - 53 = d. Let o = 0 + 8. Calculate the highest common divisor of o and p.
4
Let g be ((-84)/(-15))/((-3)/(-15)). Let r = g + -10. What is the greatest common divisor of 27 and r?
9
Let a be (-3 - 2)*24/(-10). Suppose -a = -i - 0*i. What is the highest common factor of i and 48?
12
Let s(g) = 2*g**2 - g - 1. Let k be s(-3). What is the greatest common factor of k and 80?
20
Suppose 3*j - 2*j - 10 = y, -3*j + y = -34. What is the greatest common factor of j and 132?
12
Let p(u) = 14*u**3 + 2*u - 2. Let n be p(1). What is the greatest common divisor of n and 35?
7
Let v be -40*((-135)/(-4))/(-5). What is the greatest common factor of v and 30?
30
Suppose -4*m - 2815 = -5*j, 4*j - 1980 = 2*m + 266. Suppose j + 71 = 3*y. Suppose s = -2*s + y. Calculate the greatest common divisor of s and 7.
7
Let b be (-299)/(-11) + 4/(-22). Let f be (5 + 1)*(-3)/(-2). Calculate the greatest common divisor of f and b.
9
Let u = -80 + 140. Calculate the highest common divisor of u and 15.
15
Let h = 22 - 18. Suppose h*p + 4*y - 88 = 0, 3*p + 3*y - 2*y - 74 = 0. What is the greatest common divisor of p and 65?
13
Let j be 2/3*1386/7. What is the highest common divisor of 44 and j?
44
Suppose -n + 5 = -0*n. Suppose 5*s + g - 3 = 0, -s + n*s = 3*g + 10. Let r be (-1)/1*-2 - s. Calculate the highest common factor of 3 and r.
1
Let j = -29 - -13. Let l = 31 + j. Let o(w) = -w**3 + 2*w**2 + 2*w - 2. Let y be o(-2). What is the greatest common factor of l and y?
5
Suppose 5 = j - 4. Let k = -41 + j. Let l be ((-9)/6)/1*k. Calculate the highest common factor of l and 16.
16
Let r(i) = -i**3 + 8*i**2 - 3*i - 16. Let g be r(7). Let v be (-8)/(-6)*27/6. What is the greatest common factor of g and v?
6
Suppose -4*k - 303 = -w, 356 - 62 = -4*k - 2*w. Let v be k/20*64/(-6). Suppose 0 = 4*n - 0*n - v. What is the greatest common divisor of 10 and n?
10
Let m be (-99)/(-6) + 3/(-2). Calculate the greatest common factor of m and 60.
15
Let p = 261 + -183. Calculate the highest common divisor of 26 and p.
26
Let m = 33 + 7. Suppose 4*q = -0*q + m. Let k be 835/q + 2/4. Calculate the greatest common factor of k and 14.
14
Suppose -2*z + 4 = 3*u, z - 20 = -z + 5*u. Let j(d) = d**2 + 10*d + 14. Let h be j(-11). Calculate the highest common factor of z and h.
5
Let k be (-10)/35 + 103/(-7). Let m be 4/(-6) + 1970/k. Let r = m - -213. Calculate the greatest common factor of 9 and r.
9
Let z(w) be the third derivative of w**5/60 + w**4/8 - w**2. Let j be z(-4). Let y be 10 - (-3 + 0 + 3). What is the greatest common factor of j and y?
2
Let j be ((-33)/(-4))/(5/40). Let v(r) = r**2 + 7*r + 6. Let s be v(-7). What is the greatest common factor of s and j?
6
Suppose -2*w = -5*w - 15. Let f = 4 - w. Let o(p) = 2*p**2 + 6*p + 6. Let r be o(-3). Calculate the greatest common divisor of r and f.
3
Suppose -2*y = -5*y + 30. Let l(c) = -c**3 + 11*c**2 - 11*c + 13. Let j be l(y). What is the highest common factor of j and 33?
3
Let s = 16 - 7. Suppose -11*o + 180 = -s*o. What is the greatest common divisor of 10 and o?
10
Suppose 0 = 2*z - 11 - 3. Suppose -2*f + z*j - 2*j = -26, -10 = -5*j. Suppose 0*s = s - f. Calculate the greatest common divisor of 45 and s.
9
Let p = -1 + 109. Let u be 27/(-9) - p/(-2). What is the highest common factor of 34 and u?
17
Suppose 0 = 2*m - c - 37, 25 - 3 = 2*m + 4*c. Suppose -4*o + m = -15. Calculate the greatest common factor of 12 and o.
4
Let n be (-6)/15 + (-22)/(-5). Let u(c) = -25*c + 1. Let i be u(-2). Let x = i + -27. Calculate the highest common divisor of n and x.
4
Let k(b) = 4*b - b + 0*b + 5 - 4*b. Let x be k(-4). Calculate the highest common divisor of 18 and x.
9
Let k = -29 - -1. Let z = 98 + k. What is the highest common divisor of 28 and z?
14
Let y = 10 + -2. Suppose 4*g + 13 = -3. Let j be (-350)/g + 2/4. Calculate the greatest common factor of j and y.
8
Let w(j) = j - 5. Let h be w(5). Suppose 5*v - 2*v - 6 = 0. Suppose h = q + v, u + 17 = 2*u - 3*q. Calculate the highest common factor of u and 11.
11
Suppose -2*q - 3*z + 20 = 0, 5*z + 1 = 2*q - 3. Let m = -4 + q. Calculate the greatest common factor of m and 15.
3
Let s be 6 - (0 - 0) - (3 - 0). Let o be (-2)/(-11) - (-31)/11. What is the greatest common factor of s and o?
3
Let f = -63 - -106. Suppose 0 = -x - 0*x + 3, 4*q - f = 3*x. What is the highest common divisor of 13 and q?
13
Let p = -16 + 20. Calculate the greatest common factor of 10 and p.
2
Let y(h) = 2*h**3 - 3*h**2 - 2*h - 3. Let r be y(5). Let u(n) = -3*n - 3. Let a be u(-2). Let i = 21 - a. What is the greatest common factor of i and r?
18
Suppose 0 = 2*r - 13 - 25. What is the greatest common divisor of r and 19?
19
Suppose -3*w - 13 = 5. Let f(s) = -s**2 - 5*s - 2. Let p be f(w). Let a be 2009/28 - 2/p. Calculate the greatest common factor of a and 9.
9
Let i(f) = f**2 - 9*f + 7. Let d = -18 + -2. Let u be 86/10 - 8/d. Let h be i(u). Calculate the highest common divisor of h and 1.
1
Let f be (-10 - -8)*11/(-2). Calculate the greatest common factor of 99 and f.
11
Let m(r) = -30*r + 1. Suppose 2*l + 5*y = 4, 2*l + 0*y = -3*y. Let k be m(l). Let h be 2/4*2*13. What is the greatest common divisor of k and h?
13
Let d be 28/(5 - (-3 - -6)). Let m(v) = v**2 + 3*v - 26. Let h be m(-8). What is the greatest common divisor of h and d?
14
Let j be (-12)/48 + 2/8. Suppose -f - 21 + 55 = j. Calculate the greatest common factor of 51 and f.
17
Suppose -2*b = -10, -200 = -3*u - 2*u - b. Calculate the highest common divisor of u and 429.
39
Let c = 3 + -1. Suppose -8 = -c*f + f. What is the greatest common divisor of f and 64?
8
Suppose -3*n - 49 = -3*o + 35, -5*o + 4*n = -139.